ed by 47?
2
Calculate the remainder when 184 is divided by 91.
2
Calculate the remainder when 552 is divided by 34.
8
Calculate the remainder when 72 is divided by 10.
2
Calculate the remainder when 21 is divided by 7.
0
What is the remainder when 846 is divided by 87?
63
What is the remainder when 2786 is divided by 90?
86
What is the remainder when 178 is divided by 34?
8
Calculate the remainder when 432 is divided by 110.
102
What is the remainder when 75 is divided by 26?
23
What is the remainder when 1431 is divided by 161?
143
Calculate the remainder when 80 is divided by 43.
37
What is the remainder when 302 is divided by 113?
76
Calculate the remainder when 981 is divided by 47.
41
Calculate the remainder when 74 is divided by 47.
27
What is the remainder when 2706 is divided by 540?
6
Calculate the remainder when 8383 is divided by 195.
193
What is the remainder when 5586 is divided by 5?
1
What is the remainder when 21094 is divided by 73?
70
Calculate the remainder when 5827 is divided by 119.
115
Calculate the remainder when 125 is divided by 6.
5
What is the remainder when 261 is divided by 44?
41
What is the remainder when 479 is divided by 153?
20
What is the remainder when 2377 is divided by 58?
57
Calculate the remainder when 3789 is divided by 12.
9
Calculate the remainder when 207 is divided by 21.
18
Calculate the remainder when 82 is divided by 20.
2
What is the remainder when 1123 is divided by 71?
58
Calculate the remainder when 1454 is divided by 200.
54
Calculate the remainder when 1139 is divided by 192.
179
What is the remainder when 316 is divided by 77?
8
What is the remainder when 23 is divided by 14?
9
What is the remainder when 115 is divided by 39?
37
What is the remainder when 421 is divided by 64?
37
Calculate the remainder when 761 is divided by 45.
41
Calculate the remainder when 356 is divided by 30.
26
What is the remainder when 375 is divided by 79?
59
Calculate the remainder when 147 is divided by 53.
41
Calculate the remainder when 44 is divided by 43.
1
Calculate the remainder when 183 is divided by 42.
15
Calculate the remainder when 9686 is divided by 56.
54
Calculate the remainder when 965 is divided by 8.
5
Calculate the remainder when 133 is divided by 49.
35
Calculate the remainder when 160 is divided by 90.
70
What is the remainder when 995 is divided by 210?
155
What is the remainder when 103 is divided by 7?
5
Calculate the remainder when 377 is divided by 110.
47
What is the remainder when 519 is divided by 177?
165
Calculate the remainder when 459 is divided by 164.
131
Calculate the remainder when 279 is divided by 7.
6
What is the remainder when 131 is divided by 23?
16
Calculate the remainder when 3929 is divided by 301.
16
Calculate the remainder when 1191 is divided by 9.
3
Calculate the remainder when 3160 is divided by 790.
0
What is the remainder when 10 is divided by 2?
0
What is the remainder when 224 is divided by 12?
8
What is the remainder when 6196 is divided by 10?
6
Calculate the remainder when 827 is divided by 412.
3
What is the remainder when 550 is divided by 187?
176
Calculate the remainder when 339 is divided by 20.
19
Calculate the remainder when 357 is divided by 33.
27
What is the remainder when 210 is divided by 73?
64
What is the remainder when 108 is divided by 13?
4
Calculate the remainder when 127 is divided by 120.
7
What is the remainder when 39 is divided by 4?
3
Calculate the remainder when 2895 is divided by 13.
9
What is the remainder when 444 is divided by 219?
6
What is the remainder when 602 is divided by 24?
2
What is the remainder when 16982 is divided by 37?
36
Calculate the remainder when 471 is divided by 50.
21
Calculate the remainder when 138 is divided by 70.
68
What is the remainder when 285 is divided by 52?
25
What is the remainder when 25 is divided by 21?
4
Calculate the remainder when 723 is divided by 3.
0
Calculate the remainder when 50181 is divided by 164.
161
Calculate the remainder when 294 is divided by 27.
24
Calculate the remainder when 2904 is divided by 51.
48
Calculate the remainder when 125 is divided by 13.
8
Calculate the remainder when 744 is divided by 13.
3
Calculate the remainder when 72 is divided by 24.
0
Calculate the remainder when 41 is divided by 29.
12
Calculate the remainder when 1550 is divided by 85.
20
What is the remainder when 103 is divided by 30?
13
Calculate the remainder when 34 is divided by 23.
11
Calculate the remainder when 1074 is divided by 10.
4
Calculate the remainder when 134 is divided by 2.
0
Calculate the remainder when 37 is divided by 14.
9
Calculate the remainder when 5249 is divided by 35.
34
What is the remainder when 894 is divided by 103?
70
What is the remainder when 6259 is divided by 68?
3
Calculate the remainder when 1366 is divided by 314.
110
Calculate the remainder when 138 is divided by 25.
13
What is the remainder when 53 is divided by 36?
17
What is the remainder when 184 is divided by 50?
34
What is the remainder when 474 is divided by 23?
14
Calculate the remainder when 172 is divided by 58.
56
Calculate the remainder when 2299 is divided by 99.
22
Calculate the remainder when 1582 is divided by 144.
142
What is the remainder when 818 is divided by 269?
11
Calculate the remainder when 922 is divided by 373.
176
What is the remainder when 87 is divided by 21?
3
What is the remainder when 505 is divided by 16?
9
What is the remainder when 123 is divided by 39?
6
Calculate the remainder when 27 is divided by 22.
5
What is the remainder when 1776 is divided by 871?
34
What is the remainder when 19149 is divided by 28?
25
Calculate the remainder when 908 is divided by 42.
26
What is the remainder when 11478 is divided by 5739?
0
Calculate the remainder when 1074 is divided by 56.
10
What is the remainder when 6229 is divided by 19?
16
Calculate the remainder when 2409 is divided by 17.
12
Calculate the remainder when 2766 is divided by 111.
102
Calculate the remainder when 4106 is divided by 13.
11
What is the remainder when 29 is divided by 13?
3
What is the remainder when 101 is divided by 83?
18
Calculate the remainder when 233 is divided by 74.
11
What is the remainder when 1657 is divided by 79?
77
What is the remainder when 1334 is divided by 5?
4
What is the remainder when 163 is divided by 56?
51
What is the remainder when 79 is divided by 35?
9
Calculate the remainder when 19 is divided by 8.
3
What is the remainder when 680 is divided by 176?
152
Calculate the remainder when 2302 is divided by 334.
298
What is the remainder when 775 is divided by 153?
10
Calculate the remainder when 110 is divided by 32.
14
Calculate the remainder when 34 is divided by 10.
4
Calculate the remainder when 134 is divided by 34.
32
What is the remainder when 449 is divided by 11?
9
Calculate the remainder when 249 is divided by 53.
37
What is the remainder when 590 is divided by 89?
56
What is the remainder when 113 is divided by 20?
13
Calculate the remainder when 598 is divided by 50.
48
What is the remainder when 706 is divided by 183?
157
Calculate the remainder when 747 is divided by 25.
22
What is the remainder when 143 is divided by 19?
10
Calculate the remainder when 6263 is divided by 24.
23
Calculate the remainder when 35778 is divided by 24.
18
Calculate the remainder when 2193 is divided by 18.
15
Calculate the remainder when 552 is divided by 93.
87
What is the remainder when 143 is divided by 41?
20
What is the remainder when 20 is divided by 12?
8
What is the remainder when 22 is divided by 17?
5
What is the remainder when 126 is divided by 123?
3
What is the remainder when 552 is divided by 7?
6
What is the remainder when 707 is divided by 232?
11
Calculate the remainder when 3296 is divided by 21.
20
Calculate the remainder when 258 is divided by 205.
53
What is the remainder when 53 is divided by 7?
4
Calculate the remainder when 536 is divided by 255.
26
Calculate the remainder when 72 is divided by 12.
0
Calculate the remainder when 1830 is divided by 41.
26
Calculate the remainder when 1641 is divided by 40.
1
Calculate the remainder when 89 is divided by 80.
9
Calculate the remainder when 262 is divided by 54.
46
What is the remainder when 1631 is divided by 71?